+ 2*w(u). Give t(-5).
7
Let r(g) = g**2 - 3*g + 3. Let k be 39/21 - ((-13)/(-7) - 2). Give r(k).
1
Let w be (90/50)/(3/10). Let c(i) = i**3 - 7*i**2 + 6*i - 3. Determine c(w).
-3
Let g(t) = -t**3 - 3*t**2 - t + 3. Let k be (-9)/(-3) + 2/(-1). Let c be 3 + k + (-1 - 1). Let n = c - 5. Determine g(n).
6
Let m(v) be the first derivative of 3*v**2 + 3*v + 8. Calculate m(-2).
-9
Let f = 8 + -8. Suppose f*m = -m. Let q(h) = -h**2 - 2*h + 10. Let z(o) = 2*o**2 + 3*o - 11. Let y(d) = -3*q(d) - 2*z(d). Calculate y(m).
-8
Let u be (-81)/(-3) - 1/1. Let g(n) = u*n - 3*n**2 - 3 + 2*n**2 - 19*n. Calculate g(5).
7
Let a(p) = p - 1. Let k(n) be the first derivative of -n**3/3 + 2*n + 7. Let v(q) = 3*a(q) - k(q). Determine v(-4).
-1
Let q(g) = -20 + 6 + 8 - g + 0*g + 9. Let y = -8 + 13. What is q(y)?
-2
Let r(h) be the second derivative of 3*h**3/2 + 3*h**2/2 + 23*h. Determine r(-2).
-15
Let a(o) be the first derivative of o**5/60 + 7*o**4/24 + 5*o**3/6 - o**2/2 - 1. Let z(x) be the second derivative of a(x). Give z(-4).
-7
Let t(f) = f**3 - 10*f**2 - 12*f + 13. Let k be t(11). Suppose -2*g - 3 = u, 3*g + 5 = 3*u - 4. Let h(c) = u - c + 4 + c**k - 4. Give h(3).
7
Let i(w) = w**3 - 5*w**2 + 5*w - 3. Let c be i(4). Let x(d) = 2*d**2 - 2*d**2 - d**2 - c + 2*d. Suppose 4*z + 1 - 9 = 0. What is x(z)?
-1
Suppose -3*k + 2*m - 8 = 0, -5*m + 4*m = 2*k + 3. Let f(z) = -2*z**3 + z**2 - z + 2. Calculate f(k).
24
Suppose 3*c - 9 = -2*c + 3*i, -14 = -4*c - i. Let k be c*(1 - (-4)/(-6)). Let g(j) = j + 1. Let z(x) = 3. Let u(s) = -3*g(s) + z(s). What is u(k)?
-3
Let x(z) = z + 9 - 7 + 0. Suppose 2*c - 3*f + 4 = 0, -2*f + f = 0. What is x(c)?
0
Suppose -2*j - 2*j = -12. Suppose -j*n = -n + 8. Let q(c) = 5 - c**2 - c + 4*c**2 - 8*c**2 - c**3. Give q(n).
-7
Suppose -4*d - 13 = 3. Let z(j) = -5*j - 3. Let w(q) = -2*q**2 - 5*q - 4. Let g be w(-3). Let y(v) = -4*v - 2. Let t(o) = g*y(o) + 6*z(o). Calculate t(d).
4
Let k be (20/(-25))/((-2)/5). Let a(c) = 5*c - k*c - 5*c - 5. Calculate a(4).
-13
Let i(p) = -2*p**2 + 4*p + 4. Let j(o) = 3*o**2 - 5*o - 5. Let t(c) = -4*i(c) - 3*j(c). Give t(0).
-1
Suppose -3*q + q + 5*w = -2, -5*q = 5*w - 40. Let y(c) = -c. What is y(q)?
-6
Let j(k) = -233 + 233 - 4*k. Calculate j(-1).
4
Suppose -3*l + 4*g + 3 = -11, -3*l = -3*g - 9. Let r = l - -3. Let b(y) = -3*y + 1 - 2 + 9*y. What is b(r)?
5
Suppose -3*w = -2*r - 0*r - 19, -4*w + r + 17 = 0. Let c = w + -1. Suppose -c*d = 3*m + 3 + 1, 4*d = m - 22. Let i(n) = n**3 + 6*n**2 + 5*n + 6. Calculate i(d).
6
Let z(v) = v**2 + 4*v - 7. Let c be 36/90 - 64/10. Calculate z(c).
5
Let v(i) = 2 - 3 + 2*i - 5*i. Let y be (-23)/(-4) + 2/8. Let n be ((-3)/y)/(1/4). Give v(n).
5
Suppose -2*m = 4 + 56. Let t = m - -34. Let s(h) be the second derivative of h**5/20 - h**4/2 + 5*h**3/6 + h**2 + h. Calculate s(t).
-10
Let i(z) = -z - 4. Let t be 1/(-1) - (-4 + 0). Suppose -t*n + 20 = 2*n. Determine i(n).
-8
Let g be (0 + 3)/(1 - 0). Let w(q) = 4*q**2 - 3*q**g + 3*q**3 + q**3 - 5*q + 7. Suppose 0*p + 13 = -l + 2*p, 2*p - 33 = 5*l. Give w(l).
7
Let w(m) be the second derivative of 1/20*m**5 + 1/6*m**3 - 1/12*m**4 - 2*m + m**2 + 0. Calculate w(0).
2
Let z(j) = j**3 + 2*j**2 - 2*j + 1. Let m be z(-2). Let q be 1*-5 - (4 - m). Let u = -5 - q. Let o(p) = -4*p - 1. Give o(u).
3
Let q(w) = -5*w**3 + 3*w + 11. Let m(j) = 6*j**3 + j**2 - 4*j - 14. Let o(f) = -4*m(f) - 5*q(f). Let l = -5 + 9. What is o(l)?
5
Suppose -6 = -2*n - 0. Let u(a) = -2*a**2 - 2*a**2 - n*a**3 + 5 + 4*a - 2 + 2*a**3. Give u(-5).
8
Let b(i) = i**3 + i**2 - 2*i + 3. Let w = 1 - -4. Suppose -q = w*g - 1 - 12, 2*g + 11 = 5*q. Give b(g).
11
Let g be (-57)/(-9) - (-4)/6. Suppose -3*s + 2*w - 7 = g, 3*w = 3. Let z(v) = -9 - 5 + 20 + v. Calculate z(s).
2
Let x(o) = 2*o**2 - o - 1. Let q(r) = r**2 + 4*r + 2. Let f be q(-5). Suppose f*t - 11*t - 4 = 0. Give x(t).
2
Let i(h) be the third derivative of h**4/12 - h**3 + h**2. Let u(w) = w**2 + 2*w + 3. Let y be u(-2). Suppose -5*t + 23 - y = 0. Determine i(t).
2
Suppose 0*b - 20 = 4*b, 35 = -5*n - 2*b. Suppose -3*m - 5*i - 4 + 20 = 0, 3*m - i - 4 = 0. Let j(f) = -f**3 - 3*f**2 - 2 + 0 - 2*f**m. Give j(n).
-2
Let u(x) be the first derivative of -1/4*x**4 - 5/3*x**3 - x**2 - 3 - 3*x. What is u(-2)?
-11
Suppose 2*l = 2 + 4. Let m(h) be the second derivative of h**7/1260 - h**6/240 - h**4/12 - h. Let n(b) be the third derivative of m(b). Give n(l).
9
Let f(s) = -s**2 - 3*s - 3. Suppose -2*o + 5*r = 3*o, -4*o - 3*r - 21 = 0. What is f(o)?
-3
Let d(o) = 2*o - 9. Let n be d(7). Let q(u) = u**3 - 4*u**2 - 4*u - 3. Let b be q(n). Let z(s) = s**2 - 3*s. What is z(b)?
-2
Let q(g) = 3*g - 3. Suppose 0 = -2*m + 8 + 2, m - 2 = i. Suppose x - 2*t = 3, -i*x + 0*x - 5*t + 9 = 0. Calculate q(x).
6
Let h be (-1)/1*10/2. Let b(y) = 0 - 2 - 2*y + y. Give b(h).
3
Let i(v) = v**2 - 4. Let w be i(-3). Let g be (-12)/4*8/(-6). Let l(j) = -13*j - g + 12*j + 5. Calculate l(w).
-4
Let i(r) = -r**2 - 4*r - 1. Let t be i(-2). Suppose 2*y + t = 5*y. Let n(j) = 3*j**3 - 2*j**3 + j**2 - 2 + y - 6. Calculate n(0).
-7
Suppose 3*n + 5*o + 0*o - 34 = 0, 5*n - 3*o = 0. Suppose u = -n - 0. Let y(x) be the third derivative of x**4/24 + x**3/3 + x**2. What is y(u)?
-1
Suppose o - 2*o = 0. Suppose -t = -0*t - 5*i - 18, 2*t - 5*i = 21. Let b(h) = t - 5*h + 4*h + h + h. Give b(o).
3
Suppose 0*r - 4*r = -12. Let u(q) = 3*q. Let d(v) = -3*v. Let n(h) = 4*d(h) + 3*u(h). Give n(r).
-9
Let n(s) be the first derivative of s**4/4 - 8*s**3/3 + 5*s**2 - 57. What is n(7)?
21
Let u(o) = o**3 + 2*o**2 - 2*o. Suppose -2*j = j + 15. Let n = 2 + j. Determine u(n).
-3
Suppose 17 - 5 = 3*m. Let k(s) = -6 + m + 0 + 2*s. Let l(r) = -2*r + 1. Let a(f) = -4*k(f) - 6*l(f). Calculate a(-2).
-6
Let n = -2 + 4. Let s be (3/9*0)/n. Let l(g) be the first derivative of g**4/4 + g**3/3 - 5*g - 4. Give l(s).
-5
Let b(y) = -20*y + 14*y - 4 - y**2 + 3*y + 1. Give b(-2).
-1
Suppose 4*g - 3*k - 5 = -14, 5*g = k - 3. Suppose g = 4*r - 2*r. Suppose r = 4*c - 0*c + 12. Let s(p) = -p**3 - 4*p**2 - 3*p - 3. Calculate s(c).
-3
Let l(p) = -p + 1. Suppose 0*o + j = 2*o - 8, 4*j - 4 = -4*o. Suppose 0 = 2*r + o*r. Determine l(r).
1
Let r(t) = -t - 10. Suppose -9 = 2*i + 5. Let g be r(i). Let c(m) be the first derivative of m**3/3 + m**2/2 - 4*m + 2. Calculate c(g).
2
Let i(z) be the second derivative of z**5/20 - 5*z**4/12 + z**3 - 3*z**2/2 - 10*z. Give i(4).
5
Let d(h) = -h - 1. Let s(q) = -q**2 + q - 1. Let w be s(2). Calculate d(w).
2
Let t(b) = b - 1. Suppose 0 = 3*a - 4*y - 31, -3*a - a + y + 24 = 0. Suppose a*n - 7*n = -16. Determine t(n).
7
Suppose 0 = -59*k + 61*k. Let o(m) be the second derivative of 1/6*m**3 - 2*m + 2*m**2 + k. Calculate o(-4).
0
Let h = 1 + -7. Let k(u) = u + 3. Determine k(h).
-3
Let z(c) = -c - 1. Let m(b) = -b**2 + 2. Let g be -3*(-2 + 0)/6. Suppose -3*o = 19 - 10. Let y(r) = g*m(r) + o*z(r). Give y(4).
1
Suppose 0 = -2*w + 4*t - 10, -15 = 3*w + 3*t - 45. Let k(l) be the second derivative of 0 - 2*l**2 - 1/20*l**5 + 1/3*l**4 - 2*l + l**3. Calculate k(w).
1
Let h = 19 - 20. Let t(j) = 5*j**2 + j. Determine t(h).
4
Let f(t) = -2*t**3 - t + 1 - 7*t**2 + 3 + t**3 - 2*t. Give f(-6).
-14
Suppose 4*f + 5*y - 10 = 7*y, -f = -y. Let s(j) = j**2 + 5 - f + 4*j + 1. Give s(-4).
1
Let d(k) = 7*k**3 + 6*k**2 + 2*k - 8. Let o(t) = -15*t**3 - 13*t**2 - 4*t + 17. Let f(c) = -13*d(c) - 6*o(c). Give f(2).
-10
Let r(v) be the third derivative of 3*v**5/10 - v**3/6 + 26*v**2. Determine r(-1).
17
Let s be (6/12)/((-2)/(-8)). Let f(m) = -9*m - s*m**2 + 4 + 13*m + m**2. Calculate f(5).
-1
Let s(d) = 4*d - 6*d - d + 2*d + 4. Let j = 0 - -2. Suppose -j*c - 15 = -5*f, -3*c = 2*f - 7 - 18. What is s(f)?
-1
Let w(i) = -i. Let l(s) = 4*s + 2. Let u(f) = -l(f) - w(f). Suppose -4*v + 9 + 43 = 0. Suppose b + 2*m = -0*b - v, 5*b + 3*m + 30 = 0. Determine u(b).
7
Let z(a) = -a**3 - 2*a**2 + 2*a - 2. Suppose -4*r = 13 - 37. Let i = 50 - 47. Let k = i - r. Give z(k).
1
Let l(m) = 2*m + 5. Let x(a) = 2*a + 4. Let d(z) = 6*l(z) - 7*x(z). Suppose q + t + 1 - 3 = 0, 0 = -3*t + 12. Let v be (q/4)/(6/24). Calculate d(v).
6
Let q be (4/(-10))/(2/(-20)). Let c(z) = q*z + 2 + 5*z**2 - 4*z**2 - 4 + z**3 + 5*z**2. Determine c(-5).
3
Let w = 0 + -3. Let g(t) be the first derivative of t**4/4 + t**3 + 3*t**2/2 - 3*t 